 1. Let p(w) = -8*w + 7*w**2 + w + 6 - 2*w**3 + 3*w**3. Determine p(t).
-2
Let i(g) = -5*g + 73. Let a be i(14). Suppose 0 = 5*b - b + 8, 4*d + a*b = 26. Let n(p) = p - 12. Calculate n(d).
-4
Let z(g) = -110 - g - g - g**2 - 15 + 122. Suppose 0 = 5*p - 8 + 28. Let q be 4/8 + 10/p. Give z(q).
-3
Let g(k) = -4*k**2 - 4*k - 6. Let q be g(0). Let b(w) = 1. Let p(v) = -v. Let f(z) = q*p(z) + 4*b(z). Calculate f(-3).
-14
Let c(q) = 4*q**2 - 31*q - 14. Suppose 23*n = -1108 + 1292. What is c(n)?
-6
Let t be 4/18 + 60/(-945)*-217. Let k(x) = -x**2 + 12*x + 27. What is k(t)?
-1
Let z(v) = 2*v**2 + 54*v + 191. Let b = 20393 - 20397. What is z(b)?
7
Let q(y) be the third derivative of -y**7/5040 - 7*y**6/720 + 61*y**5/60 + 4*y**2 - 1. Let i(c) be the third derivative of q(c). Calculate i(-9).
2
Let g(r) = 1 + 44*r - 18*r**2 + 2 - 4 + 8 + r**3 + 4. Calculate g(15).
-4
Let r(m) be the first derivative of -2*m**3/3 + 15*m**2/2 + 2*m + 2270. What is r(9)?
-25
Let l be 1/((-3)/2)*(-45)/(-6). Suppose k - 9 = -5*v, -2*k - 3*k = 5. Let c(t) = -3 + v - 1 - 7*t - 4. What is c(l)?
29
Let y be 70/(-12) - 790/(-948). Let i(n) = 3*n**2 + 10*n - 4. Determine i(y).
21
Let d(x) be the second derivative of -x**3/2 - 45*x**2/2 - 353*x. Calculate d(-13).
-6
Let n(a) = a**3 + 7*a**2 - 5*a + 15. Suppose 3*k = -0*y + 4*y + 17, -y = k + 13. Calculate n(y).
-9
Let n(m) = 43*m - 25. Let h(q) = -3*q + 2. Let r(i) = -12*h(i) - n(i). Determine r(-4).
29
Suppose 85 + 193 = -39*z + 44. Let i(j) = 1 + 1 + 3*j + 0*j - 1. Calculate i(z).
-17
Let c be 6/2 - (-1 + 0). Let z(s) = s**3 + 2105780268 - 2105780261 + 2*s - 3*s**2 - 5*s. Give z(c).
11
Let i(x) be the third derivative of -x**6/120 + 3*x**5/20 + x**4/8 - 5*x**3/3 - 1217*x**2. Calculate i(9).
17
Let k(i) be the second derivative of -i**4/12 - 17*i**3/6 + 5*i**2/2 + 3*i + 159. Calculate k(-9).
77
Let p(c) = c**3 + 8*c**2 - 11*c - 6. Let n(y) = y**3 - 5*y**2 + 3*y - 5. Suppose 4*l = -2*g + 26, 0 = 3*l - 6*l + 4*g - 8. Let z be n(l). Calculate p(z).
12
Suppose 90 = -38*u + 43*u. Let d(v) = -23*v - 19*v + 62*v - u*v - 12. Give d(8).
4
Let n(j) = 106775*j + 162 - 203*j**3 - 106845*j + 202*j**3 - 39*j**2. What is n(-37)?
14
Let h(n) be the second derivative of n**3/2 - 10*n**2 - 25*n + 2. Calculate h(6).
-2
Let a(k) = 0*k - 2*k + k. Let o = 47180 + -47188. Give a(o).
8
Let o = 178 + -186. Suppose 2*w - 4 = -0. Let i(f) = w + 3 + 6*f - 2*f**2 + 3*f**2. Give i(o).
21
Let v(o) = -o**2 + 2*o + 29. Let n(g) = g**3 - 46*g**2 - 2*g + 92. Let t be n(46). Determine v(t).
29
Let p(u) = -u + 5. Let q = 87 - 87. Let a(g) = g**3 + g**2 - g + 4. Let y be a(q). Give p(y).
1
Let t(b) be the third derivative of 1/120*b**6 + 89*b**2 + 1/3*b**3 + 0 + 0*b + 1/20*b**5 + 1/24*b**4. Calculate t(-2).
4
Let g(y) = -6*y - 32. Let q be (-272)/(-170) + (-81)/(-15). Calculate g(q).
-74
Let w(n) = -2644 + 1322 + 1325 + 3*n. Let f(u) = 2*u**3 - 8*u**2 + u - 6. Let r be f(4). Give w(r).
-3
Let i(b) = b + 26. Let u(f) = -f**3 + 13*f**2 - 47*f + 21. Let l be u(6). Give i(l).
17
Let b(r) = 89*r + 287. Let g be b(-3). Let c(w) be the first derivative of -3/2*w**2 + g + 3*w - 2/3*w**3 + 1/4*w**4. Calculate c(3).
3
Suppose -3*g = -4*k + 165 + 23, 94 = 2*k - 4*g. Let o = k - 39. Let m(w) = w + 6 - 2*w + o*w**2 - 7*w - 7*w**2. Determine m(6).
-6
Let k(b) be the first derivative of 3*b - 1/3*b**3 - 1/4*b**4 + 130 + 2*b**2. Determine k(-3).
9
Let k(w) = w**2 - 3*w - 5. Let r(t) = -t**2 + 5*t + 7. Let m(p) = 3*p**2 - 14*p - 21. Let b(g) = -3*m(g) - 8*r(g). Let z(u) = 4*b(u) + 5*k(u). Give z(9).
21
Let b(t) be the first derivative of -3/2*t**2 + 4*t + 1/3*t**3 - 14. Let d = 4 - 0. Give b(d).
8
Let a be 185/(-20) - (-4)/16. Let o(p) be the third derivative of p**6/120 + p**5/6 + 3*p**4/8 - p**3/6 + 158*p**2. Calculate o(a).
-1
Let v(t) be the first derivative of -t**4/4 - t**3 - 2*t**2 - 2*t - 8. Let w be 400/(-220) + (-2)/11. What is v(w)?
2
Let y(d) = -d**2 - 1. Let f(i) = 4*i**2 - 7*i + 11. Let k(c) = f(c) + 3*y(c). Let t be (-10)/15 - (-78)/9. Calculate k(t).
16
Let c be ((-40)/30)/(2/(-636)) - -6. Let r be (-2838)/c - 3/(-5). Let v(k) = -k**2 - 8*k - 5. What is v(r)?
7
Let u(q) = 33*q + 16. Let n(r) = 3*r. Let z(c) = 4*n(c) - u(c). Let k(h) = 19*h + 14. Let s(x) = -7*k(x) - 6*z(x). Calculate s(-3).
19
Let f(r) = 44*r**3 - 2*r**2 + r. Let z(p) = -p**3 - 4*p**2 + 41*p - 35. Let a be z(-9). Calculate f(a).
43
Let h(j) = j**3 + 21*j**2 - 42*j + 88. Suppose 77*t = 75*t - 46. What is h(t)?
-4
Let x(f) = f**3 - 6*f**2 + 3*f + 6. Suppose 5*z + 5*m = -200, -z = 4*z - 4*m + 164. Let h = -42 - z. Let s be (-17)/(-3) + h/9. Calculate x(s).
-4
Let c be (45/20)/((-12)/(-80)). Suppose -84*f + 89*f - c = 0. Let t(x) = x**2 + 5*x - 2. Determine t(f).
22
Let b = 48 - 54. Let z(j) = -2*j. Let t(q) = -5*q + 2. Let h(f) = -2*t(f) + 6*z(f). Determine h(b).
8
Let g(m) = 4066350 - m**2 - 4066366 - 6*m - 6*m**3 + 22*m. Give g(1).
-7
Let q(i) = 7*i**3 - i**2 + 2. Let g be 0 + 25 + -19 - (1 - -6). Calculate q(g).
-6
Let a(b) = -b**3 + 15*b**2 + 594. Let i(m) = m**3 - 16*m**2 + m - 668. Let z(x) = 9*a(x) + 8*i(x). Suppose -10 + 2 = -v. What is z(v)?
2
Let z(o) = o**3 - 2*o**2 - 28. Let w be -1 + (3/(-33))/((-4)/44). What is z(w)?
-28
Let f(z) = 8*z - z - 10 - 9*z**2 + 8*z**2. Suppose -13*d + 3*y = 3*d - 69, 1 = 5*d + 2*y. What is f(d)?
2
Let s = 326 - 269. Let w(q) = -52 - s - 69 - 2*q + 160. Calculate w(-15).
12
Let y(r) = 2*r + 17. Let w be y(-8). Let j = -11 - w. Let f be 1/6 + (-10)/j. Let i(q) = -5*q. What is i(f)?
-5
Let z(v) = v**2 - 3*v - 6. Suppose 0 = c + 4*r - 0*r - 5, 26 = -2*c + 4*r. Let s(h) = h + 3. Let j be s(c). Calculate z(j).
22
Let v(m) be the first derivative of m**2/2 - 28*m + 340. Let i = -7 + 4. Let a be (1 - 1)/(i - -1). Determine v(a).
-28
Let v(n) be the first derivative of n**3/3 + n**2 + 5*n - 16285. Suppose -2*w = 2*w + 8. Calculate v(w).
5
Let m(z) be the second derivative of -z**3/6 - 24*z**2 - 188*z - 4. What is m(-51)?
3
Let o(u) = -6*u - 114. Let z(c) = -c**2 + 62*c + 248. Let l be z(-4). Determine o(l).
-18
Let p(z) = -z**2 - 17*z - 9. Let s be -5*2 + -65 + 59. Calculate p(s).
7
Suppose -15*f = -9*f - 18. Suppose 0 = 2*n + f - 7. Let k(t) = -5*t**n - t**3 + 87 + 5*t**2 - 105. Give k(0).
-18
Suppose -5*b = -0*b - 21*b + 128. Let q(n) = -8*n + 70. Calculate q(b).
6
Let s(u) be the third derivative of -u**8/6720 + u**7/2520 + u**5/40 + u**4/3 + u**3/6 - 12*u**2 + 2*u. Let r(k) be the second derivative of s(k). What is r(0)?
3
Let w(r) be the third derivative of -1/12*r**5 - 4*r**2 - 1/6*r**4 - 2 + 1/120*r**6 + 0*r - r**3. Determine w(6).
6
Let k(h) = 10*h**2 - 3*h - 57. Let a be k(-4). Let o(i) = 123 - 241 + a - i**2 - 4*i. Give o(-3).
0
Let o(x) be the third derivative of -x**4/3 + 3*x**3/2 + 4*x**2. Let p(s) = 7*s - 8. Let h(i) = -5*o(i) - 6*p(i). Suppose 8*a - a = 28. Calculate h(a).
-5
Let l(h) = -h**3 - 22*h + 9*h - h**2 - 5 + 8*h + 4*h. Give l(3).
-44
Let s(d) = 2*d**3 + 7*d**2 + 11*d + 14. Let u(o) = -o**3 - 4*o**2 - 6*o - 8. Let x(k) = -3*s(k) - 5*u(k). Calculate x(-2).
8
Let l(s) = 5*s**3 - 5*s**2 + 5*s - 1. Let j(u) be the first derivative of -u**4 + 5*u**3/3 - 2*u**2 + 2*u + 82. Let n(q) = 6*j(q) + 5*l(q). Determine n(-5).
2
Let p(a) = -a**2 + 18*a + 31. Let b = 2437 + -2416. Give p(b).
-32
Let v(g) be the first derivative of -19*g - 1/2*g**2 + g**3 + 22. Let o(x) be the first derivative of v(x). Give o(1).
5
Suppose 156 = 2*p - 22. Let r = p + -87. Let j(y) = 10*y - 11 - 3*y - y**3 - y + y + 7*y**r. Calculate j(8).
-19
Let o(m) = 10*m**3 + 3*m**2 + 3*m + 1. Suppose -5165 = -10*d - 645. Let k = 451 - d. Calculate o(k).
-9
Suppose 4*p - 4 = 0, 2*h - 13 = -p - 22. Let g(k) = -k**3 - 7*k**2 - 8*k - 9. Determine g(h).
-19
Let v(s) = 8 - 2*s + s + 6. Let u(i) = i**3 - 19*i**2 - 46*i + 105. Let k be u(21). Let x be v(k). Let w(d) = d**3 + 7*d**2 + d. Give w(x).
-7
Let i(m) = 798*m - 84. Let p(k) = 58*k - 6. Let r(s) = -12*i(s) + 165*p(s). Calculate r(6).
-18
Suppose -9*m - 31 = -4*m - 2*k, -m = 4*k - 7. Let u(s) = s**3 + 4*s**2 - 23*s - 95. Determine u(m).
-5
Let x(c) = -862*c**2 + 1 - 1 + 867*c**2 - 1 - c. Let r be x(-1). Let t(s) = 2*s - 5. Calculate t(r).
5
Suppose -j - 71 + 83 = 0. Let z(y) = y**3 - 12*y**2 - y + 14. Let d be z(j). Let p(h) be the second deriv